3, 46093
What are the prime factors of 404098143?
3, 17, 73, 108541
What are the prime factors of 1923423166?
2, 7, 19626767
List the prime factors of 14084631.
3, 11, 47, 1009
List the prime factors of 5547377749.
25229, 219881
List the prime factors of 137476149.
3, 263, 174241
What are the prime factors of 258962206?
2, 129481103
What are the prime factors of 7720382911?
59621, 129491
What are the prime factors of 2630264618?
2, 21163, 62143
List the prime factors of 141956412.
2, 3, 13, 909977
List the prime factors of 12998392.
2, 11, 147709
List the prime factors of 46868784.
2, 3, 113, 8641
List the prime factors of 46757566.
2, 37, 631859
List the prime factors of 401746499.
7, 11, 17, 27901
What are the prime factors of 223975240?
2, 5, 5599381
List the prime factors of 165255922.
2, 13, 6355997
List the prime factors of 115100392.
2, 11, 653, 2003
What are the prime factors of 53899835?
5, 11, 29, 47, 719
List the prime factors of 244516448.
2, 11, 694649
What are the prime factors of 122819022?
2, 3, 113, 60383
What are the prime factors of 959369158?
2, 11, 43607689
List the prime factors of 6288212368.
2, 239, 479, 3433
List the prime factors of 37371552.
2, 3, 389287
What are the prime factors of 5390757?
3, 598973
What are the prime factors of 84042146?
2, 42021073
List the prime factors of 20957025.
3, 5, 23, 12149
List the prime factors of 212788765.
5, 7, 89, 68311
What are the prime factors of 3674866345?
5, 734973269
List the prime factors of 38481388.
2, 11, 43
List the prime factors of 716889104.
2, 239, 187471
List the prime factors of 19818691.
19, 1043089
What are the prime factors of 2247823334?
2, 17, 37, 67, 26669
List the prime factors of 437261225.
5, 499, 35051
What are the prime factors of 374671823?
17, 22039519
What are the prime factors of 520316325?
3, 5, 770839
List the prime factors of 17306393.
13, 1331261
What are the prime factors of 1097071480?
2, 5, 23, 1192469
List the prime factors of 1568144142.
2, 3, 87119119
What are the prime factors of 1660078300?
2, 5, 16600783
List the prime factors of 27462975.
3, 5, 366173
List the prime factors of 20820579.
3, 13, 29, 41, 449
List the prime factors of 1130655782.
2, 47, 12028253
List the prime factors of 184938668.
2, 2851, 16217
What are the prime factors of 3834817126?
2, 7, 17, 2301811
List the prime factors of 2903105487.
3, 17, 113, 137, 3677
What are the prime factors of 290238084?
2, 3, 8062169
List the prime factors of 90361400.
2, 5, 37, 12211
List the prime factors of 1919072225.
5, 7, 139, 78893
List the prime factors of 21564859.
523, 41233
List the prime factors of 536814166.
2, 7, 31, 47, 26317
List the prime factors of 3066398503.
7, 438056929
What are the prime factors of 852191825?
5, 29, 1175437
List the prime factors of 264399683.
264399683
What are the prime factors of 205665799?
41, 59, 85021
List the prime factors of 2607812744.
2, 43, 59, 128489
What are the prime factors of 14648254?
2, 17, 25343
List the prime factors of 2125264950.
2, 3, 5, 19, 248569
List the prime factors of 10949870.
2, 5, 17, 41, 1571
What are the prime factors of 1392867500?
2, 5, 191, 2917
What are the prime factors of 81037827?
3, 13, 17, 503
List the prime factors of 166270974.
2, 3, 27711829
What are the prime factors of 361582558?
2, 180791279
List the prime factors of 30187365.
3, 5, 13, 154807
List the prime factors of 2812041675.
3, 5, 277, 45119
List the prime factors of 24487899.
3, 8162633
What are the prime factors of 498558771?
3, 31, 1786949
List the prime factors of 141145364.
2, 457, 77213
List the prime factors of 74853005.
5, 59, 89, 2851
What are the prime factors of 197290519?
197290519
What are the prime factors of 148918849?
83, 1794203
List the prime factors of 32910662.
2, 83, 198257
List the prime factors of 438366367.
438366367
What are the prime factors of 1073257063?
167, 6426689
List the prime factors of 97229707.
19, 727, 7039
What are the prime factors of 651855341?
397, 1641953
List the prime factors of 818555749.
11, 151, 461, 1069
List the prime factors of 215457408.
2, 3, 2309
What are the prime factors of 6736370262?
2, 3, 683, 1643819
What are the prime factors of 221333288?
2, 11, 271, 9281
List the prime factors of 17448459.
3, 7, 29, 4093
What are the prime factors of 458037360?
2, 3, 5, 11, 151, 383
List the prime factors of 441455057.
16981, 25997
What are the prime factors of 513123868?
2, 293, 437819
What are the prime factors of 114631132?
2, 7, 11, 372179
List the prime factors of 7170289841.
11, 13, 139, 181, 1993
What are the prime factors of 104687966?
2, 52343983
List the prime factors of 369398032.
2, 17, 23, 137, 431
List the prime factors of 40903212.
2, 3, 7, 486943
What are the prime factors of 86525465?
5, 13, 102397
List the prime factors of 264634860.
2, 3, 5, 7, 29, 21727
List the prime factors of 195423098.
2, 13, 71, 105863
List the prime factors of 2239239826.
2, 409, 647, 4231
What are the prime factors of 106560861?
3, 11, 3229117
List the prime factors of 108442882.
2, 331, 163811
List the prime factors of 256391589.
3, 85463863
What are the prime factors of 42861635?
5, 71, 120737
What are the prime factors of 25154267?
73, 317, 1087
What are the prime factors of 576331663?
576331663
What are the prime factors of 1855315661?
389, 4769449
What are the prime factors of 237248083?
237248083
List the prime factors of 332220244.
2, 19, 1543, 2833
What are the prime factors of 1543674592?
2, 307, 157133
List the prime factors of 1744777.
1744777
What are the prime factors of 19636729?
7, 2805247
What are the prime factors of 1961849152?
2, 1723, 17791
List the prime factors of 2025656499.
3, 59, 11444387
What are the prime factors of 5034676580?
2, 5, 37, 113, 60209
What are the prime factors of 53616082?
2, 13, 23, 89659
List the prime factors of 92713570.
2, 5, 97, 95581
List the prime factors of 46664848.
2, 2916553
List the prime factors of 21963518.
2, 53, 383, 541
What are the prime factors of 84528351?
3, 31, 302969
List the prime factors of 621344514.
2, 3, 7, 14793917
List the prime factors of 1595282657.
21347, 74731
List the prime factors of 82980164.
2, 20745041
List the prime factors of 676943249.
31, 21836879
List the prime factors of 55900899.
3, 1153, 5387
What are the prime factors of 691364438?
2, 19, 257, 70793
What are the prime factors of 1865440258?
2, 11, 53, 1599863
List the prime factors of 1326379083.
3, 17, 1529849
What are the prime factors of 52864974?
2, 3, 43, 7589
List the prime factors of 7234800.
2, 3, 5, 6029
What are the prime factors of 4755041303?
1423, 3341561
List the prime factors of 2566861421.
37, 69374633
What are the prime factors of 14048317?
14048317
What are the prime factors of 5431210244?
2, 83, 16359067
What are the prime factors of 3982008061?
3982008061
What are the prime factors of 2831234740?
2, 5, 17, 489833
List the prime factors of 1982776.
2, 247847
What are the prime factors of 282723596?
2, 31, 2280029
List the prime factors of 50351029.
131, 384359
What are the prime factors of 59904129?
3, 2339, 8537
What are the prime factors of 760071213?
3, 11, 7677487
List the prime factors of 1636441018.
2, 47, 1163, 14969
List the prime factors of 1383102629.
1213, 1140233
List the prime factors of 2714149673.
3049, 890177
List the prime factors of 327371849.
7, 67, 698021
What are the prime factors of 2302862592?
2, 3, 43, 137, 509
What are the prime factors of 977688585?
3, 5, 89, 101, 2417
What are the prime factors of 134554708?
2, 33638677
What are the prime factors of 55338351?
3, 29, 636073
List the prime factors of 633735829.
633735829
What are the prime factors of 102799289?
17, 1543, 3919
What are the prime factors of 140177438?
2, 103, 457, 1489
What are the prime factors of 1046483294?
2, 47, 347, 32083
List the prime factors of 1564326136.
2, 41, 1667, 2861
List the prime factors of 38855991.
3, 12951997
What are the prime factors of 289987217?
13, 71, 211, 1489
List the prime factors of 526126003.
13, 149, 271619
List the prime factors of 247012053.
3, 29, 71, 39989
What are the prime factors of 2592498462?
2, 3, 37, 11677921
List the prime factors of 6218349779.
6218349779
What are the prime factors of 180037902?
2, 3, 11, 272784